nd 5540.
20
Calculate the highest common divisor of 216249180 and 60.
60
Calculate the greatest common divisor of 26358960 and 260.
20
Calculate the highest common divisor of 3344 and 1548009496.
1672
Calculate the highest common factor of 5890 and 32246572.
1178
What is the greatest common factor of 3863135 and 45?
5
Calculate the highest common divisor of 5270467 and 13889.
817
Calculate the highest common divisor of 34833612 and 4620.
132
Calculate the highest common factor of 1954004 and 1182324.
2756
Calculate the highest common divisor of 365168 and 1798.
58
What is the greatest common divisor of 2722684 and 448640?
2804
What is the highest common factor of 197318 and 72?
2
What is the highest common factor of 279557442 and 18?
18
Calculate the highest common divisor of 116839320 and 26520.
1560
Calculate the highest common factor of 22811980 and 264.
4
Calculate the highest common factor of 270178574 and 2.
2
What is the greatest common factor of 455604435 and 143?
143
Calculate the highest common factor of 15147918 and 25056.
1566
What is the highest common divisor of 140215 and 12093?
29
What is the highest common divisor of 289 and 72180929?
289
Calculate the greatest common factor of 36 and 146770116.
12
Calculate the highest common divisor of 210141 and 297.
27
What is the highest common factor of 2891835 and 27?
27
Calculate the highest common factor of 53073772 and 8.
4
What is the greatest common divisor of 1962 and 88024476?
654
Calculate the greatest common factor of 31042 and 52644988.
374
Calculate the highest common divisor of 5738 and 270290.
302
Calculate the highest common factor of 16060 and 8305940.
1460
Calculate the greatest common divisor of 7878 and 4583878.
26
Calculate the highest common factor of 81 and 5123061.
27
What is the highest common divisor of 125681 and 3536?
17
What is the highest common divisor of 3843684 and 11868?
516
What is the highest common divisor of 7670167 and 6498?
361
What is the highest common factor of 18727202 and 6942?
2314
Calculate the greatest common factor of 152133 and 15504.
969
What is the highest common divisor of 1109859624 and 5688?
5688
Calculate the highest common divisor of 61827 and 41847.
111
What is the highest common factor of 26822614 and 455?
91
What is the highest common divisor of 715 and 26587795?
65
Calculate the greatest common factor of 5691935409 and 17079.
17079
Calculate the greatest common factor of 1604 and 17618.
2
Calculate the highest common divisor of 1731 and 256407.
3
What is the greatest common divisor of 23838892 and 4?
4
What is the highest common factor of 410 and 110814595?
205
Calculate the highest common divisor of 408 and 73506.
6
Calculate the greatest common divisor of 428057 and 791.
7
What is the greatest common divisor of 99299 and 221161?
109
What is the greatest common factor of 82869282 and 738?
738
Calculate the greatest common factor of 9225819 and 10044.
81
Calculate the highest common factor of 74191 and 5746.
169
Calculate the highest common divisor of 2493603 and 1701.
63
Calculate the greatest common divisor of 375 and 663360.
15
Calculate the highest common divisor of 5168778 and 1833.
141
Calculate the highest common factor of 4300 and 1483070.
430
What is the greatest common factor of 35232 and 182658836?
1468
What is the greatest common factor of 873 and 9163008?
873
What is the greatest common divisor of 76999662 and 36?
18
Calculate the greatest common divisor of 516 and 110931228.
516
What is the greatest common factor of 7674 and 931728478?
2558
What is the highest common divisor of 284643 and 45?
9
What is the highest common factor of 77 and 14276383?
11
Calculate the highest common factor of 554440 and 72144.
1336
Calculate the highest common divisor of 21235 and 449655.
155
Calculate the highest common divisor of 3445893360 and 144.
144
Calculate the highest common divisor of 286 and 1214851.
11
What is the highest common divisor of 1061848 and 97042?
802
Calculate the greatest common divisor of 3896170 and 5.
5
What is the highest common factor of 12080 and 267377210?
1510
Calculate the greatest common factor of 5092 and 61313228.
76
Calculate the greatest common factor of 918 and 26593066.
34
What is the highest common factor of 6651 and 256057588?
739
Calculate the greatest common divisor of 85204 and 23832060.
5012
What is the highest common factor of 1445080 and 62920?
520
Calculate the greatest common divisor of 17112 and 11322417.
69
What is the highest common factor of 864 and 53579664?
432
What is the greatest common factor of 33 and 817225761?
33
What is the highest common divisor of 20900 and 133800700?
1100
Calculate the greatest common divisor of 443 and 892471787.
443
Calculate the highest common divisor of 26563 and 86759.
101
What is the highest common factor of 9194015 and 2119?
163
What is the greatest common factor of 5149171 and 3059?
437
What is the highest common divisor of 325 and 8102939?
13
Calculate the highest common divisor of 413440 and 25330.
170
Calculate the greatest common factor of 2 and 15022972.
2
Calculate the greatest common factor of 241792 and 322816.
128
What is the highest common divisor of 45220 and 1598660?
2660
What is the greatest common factor of 1729585 and 98605?
2665
What is the highest common factor of 2429438 and 88?
22
Calculate the greatest common divisor of 7029400 and 170800.
1400
What is the highest common factor of 7206848 and 348?
116
What is the greatest common divisor of 421105223 and 231?
77
What is the highest common factor of 76 and 8423?
1
Calculate the greatest common factor of 116569564 and 4.
4
Calculate the highest common divisor of 765 and 13342518.
153
What is the greatest common divisor of 124 and 77082926?
62
What is the greatest common factor of 3608 and 219256?
8
Calculate the highest common factor of 15315 and 12720.
15
Calculate the greatest common divisor of 13235040 and 3936.
96
Calculate the highest common factor of 68 and 658303784.
68
What is the greatest common divisor of 35556468 and 4956?
708
What is the highest common divisor of 184190 and 869535?
565
What is the greatest common factor of 5290774 and 18292?
34
What is the highest common factor of 14045280 and 290?
290
Calculate the greatest common divisor of 8026380 and 15250.
610
Calculate the highest common factor of 7 and 34385442.
7
What is the greatest common divisor of 1497079 and 459797?
313
Calculate the highest common factor of 136919328 and 1911.
1911
Calculate the greatest common factor of 234509 and 2420.
11
Calculate the greatest common divisor of 686 and 1244054.
14
What is the highest common divisor of 8991795 and 852?
213
What is the greatest common factor of 2204 and 280801?
19
What is the highest common divisor of 59468 and 548?
4
Calculate the highest common factor of 14576826 and 44.
22
Calculate the greatest common divisor of 1026228 and 63.
21
Calculate the highest common divisor of 2033 and 14981025.
19
Calculate the greatest common divisor of 438 and 276130822.
146
Calculate the greatest common factor of 880 and 74720.
80
What is the highest common factor of 9073099 and 12467?
959
What is the highest common factor of 1826 and 3761956?
22
What is the highest common divisor of 3 and 1203669?
3
What is the greatest common divisor of 374 and 81629342?
34
What is the greatest common factor of 168554 and 18389?
71
Calculate the highest common factor of 135480 and 129953545.
5645
Calculate the highest common factor of 1560 and 1666950.
30
Calculate the highest common factor of 240 and 17030352.
48
What is the greatest common divisor of 125393 and 3361888?
3389
Calculate the highest common factor of 5 and 85924805.
5
What is the greatest common divisor of 11318216 and 94276?
2548
Calculate the greatest common factor of 92 and 65038066.
46
Calculate the greatest common factor of 7504 and 70381892.
1876
What is the highest common divisor of 20345395 and 105?
35
What is the highest common factor of 127764 and 74956?
28
What is the highest common factor of 160 and 18273240?
40
Calculate the greatest common factor of 22623672 and 72.
24
Calculate the highest common factor of 160337823 and 996.
249
Calculate the highest common divisor of 1806 and 70758478.
602
Calcula